 201492?
116
Calculate the highest common factor of 11598 and 136713358.
3866
Calculate the greatest common divisor of 1210 and 117414.
22
What is the greatest common factor of 1050 and 34620?
30
Calculate the greatest common factor of 21529480 and 5236.
476
Calculate the highest common factor of 4275046 and 9192.
766
What is the highest common divisor of 7463799 and 23?
23
Calculate the highest common factor of 108921134 and 42.
14
Calculate the highest common divisor of 667688 and 584920.
56
What is the highest common factor of 12830675 and 825?
275
Calculate the highest common factor of 1660525 and 800.
25
What is the highest common divisor of 3021 and 62537721?
3021
What is the greatest common divisor of 959380 and 1340?
20
Calculate the greatest common divisor of 13080 and 1861824.
24
Calculate the greatest common divisor of 54 and 1105474338.
54
Calculate the greatest common factor of 2910747 and 168.
21
Calculate the highest common divisor of 72980169 and 37.
37
Calculate the greatest common divisor of 6800726 and 11254.
662
What is the highest common divisor of 28992908 and 77?
7
Calculate the highest common divisor of 16414641 and 27.
9
What is the greatest common divisor of 20502 and 55633986?
1206
What is the highest common factor of 168165 and 12357855?
4545
Calculate the greatest common factor of 63 and 8016165.
9
What is the highest common divisor of 71667789 and 1986?
993
What is the greatest common factor of 17502 and 24573?
3
Calculate the highest common factor of 1068194 and 282838.
2746
Calculate the greatest common factor of 443280 and 106440.
120
Calculate the greatest common factor of 799 and 23532853.
47
Calculate the greatest common divisor of 2274 and 1229855.
379
What is the greatest common divisor of 56303 and 443287?
793
What is the highest common factor of 920 and 20371100?
460
Calculate the highest common divisor of 51 and 884969.
17
What is the greatest common factor of 79014 and 4410602?
2026
Calculate the highest common factor of 305999912 and 1288.
184
Calculate the greatest common divisor of 92 and 22838954.
46
What is the greatest common factor of 26 and 114765820?
26
What is the greatest common factor of 55757 and 343928?
13
Calculate the highest common factor of 17189468 and 19786.
1522
Calculate the highest common factor of 8814005 and 190.
95
Calculate the greatest common divisor of 66 and 216262.
2
What is the highest common divisor of 147023576 and 744?
248
Calculate the highest common divisor of 52199238 and 728.
182
What is the highest common factor of 5964 and 240406?
142
Calculate the highest common divisor of 3048120 and 672.
24
What is the greatest common factor of 536123914 and 16152?
1346
What is the highest common divisor of 22638 and 4525626?
42
What is the greatest common factor of 18200 and 119613?
13
Calculate the highest common factor of 99928 and 72.
8
Calculate the greatest common divisor of 17774016 and 832.
832
Calculate the greatest common factor of 3561419 and 3153772.
2441
What is the greatest common divisor of 20595 and 21655?
5
Calculate the greatest common factor of 5324 and 1992716.
44
What is the greatest common factor of 42 and 148586865?
21
Calculate the greatest common factor of 1075 and 21195775.
1075
What is the greatest common divisor of 34 and 169359814?
34
Calculate the highest common factor of 35940 and 2532.
12
What is the greatest common divisor of 13897 and 3881539?
1069
What is the greatest common divisor of 2264 and 32433498?
566
What is the greatest common factor of 46350122 and 364?
182
Calculate the greatest common factor of 6167501295 and 15.
15
Calculate the greatest common divisor of 25508180 and 65945.
545
What is the highest common divisor of 166965 and 53520?
15
What is the greatest common divisor of 989875819 and 339?
113
What is the highest common divisor of 5557354 and 33?
11
What is the greatest common factor of 4083584 and 33672?
488
What is the greatest common divisor of 1998 and 24816714?
222
What is the highest common divisor of 8858350 and 400?
50
Calculate the highest common factor of 13444266 and 682.
682
Calculate the highest common divisor of 7633 and 87278865.
449
What is the highest common factor of 7968632 and 56?
56
What is the greatest common factor of 93672360 and 1080?
360
Calculate the greatest common divisor of 190 and 22686950.
190
What is the greatest common divisor of 3360 and 64412880?
1680
Calculate the highest common divisor of 10655254 and 3550.
142
What is the greatest common factor of 51127 and 911963?
1189
What is the highest common factor of 21660 and 51360?
60
Calculate the greatest common factor of 6122805 and 715.
65
What is the highest common factor of 263685 and 2?
1
Calculate the greatest common divisor of 117468 and 22347.
117
What is the highest common divisor of 2 and 55592174?
2
Calculate the highest common divisor of 622245 and 5655.
195
What is the greatest common divisor of 336990888 and 324?
108
What is the greatest common divisor of 45124 and 2291988?
1556
Calculate the highest common factor of 1706749461 and 38.
19
What is the greatest common factor of 8139505 and 57?
19
Calculate the highest common divisor of 72177 and 10401.
3
What is the highest common factor of 23977370 and 8240?
1030
What is the greatest common factor of 14516 and 5425834028?
14516
Calculate the highest common divisor of 17070565 and 1563.
521
What is the greatest common factor of 34168 and 90745937?
4271
What is the highest common factor of 296 and 4568612?
148
Calculate the greatest common factor of 10468 and 31882911.
2617
What is the greatest common factor of 3534 and 1694553?
1767
What is the greatest common factor of 1497410938 and 19?
19
Calculate the greatest common divisor of 35520 and 2290485.
555
What is the greatest common divisor of 19 and 847360841?
19
What is the highest common divisor of 476 and 67949?
119
Calculate the greatest common divisor of 407 and 547530181.
407
What is the highest common divisor of 3632 and 5792?
16
Calculate the highest common divisor of 3999533 and 83029.
79
What is the highest common divisor of 64610 and 122499?
13
Calculate the highest common factor of 1872979 and 300452.
2423
What is the greatest common divisor of 159 and 3101083?
53
Calculate the highest common divisor of 462882 and 596418.
642
Calculate the greatest common factor of 28248100 and 1100.
100
What is the greatest common divisor of 941480 and 41520?
40
Calculate the greatest common divisor of 54 and 14932824.
6
What is the highest common divisor of 210 and 69047944?
14
What is the greatest common divisor of 1153 and 3678884018?
1153
What is the greatest common divisor of 2452170 and 896?
14
What is the greatest common divisor of 25789190 and 98?
98
Calculate the greatest common factor of 158673 and 117813.
681
Calculate the greatest common factor of 1076992 and 227584.
1792
Calculate the greatest common divisor of 23002 and 613490.
62
What is the greatest common divisor of 21178476 and 3564?
1188
Calculate the greatest common divisor of 1289863 and 529.
23
What is the greatest common factor of 8 and 433213312?
8
Calculate the greatest common factor of 536 and 110456.
8
What is the highest common factor of 720167 and 189?
7
Calculate the highest common divisor of 6371 and 183195.
23
Calculate the greatest common divisor of 12 and 21349644.
12
Calculate the greatest common factor of 58937705 and 4.
1
What is the greatest common factor of 64 and 2742608?
16
Calculate the highest common factor of 164096 and 3319739.
641
Calculate the highest common divisor of 873600 and 8515.
65
What is the greatest common divisor of 70 and 6537965?
35
Calculate the greatest common divisor of 491142710 and 10.
10
Calculate the greatest common factor of 164 and 71008720.
164
What is the greatest common factor of 66 and 13219338?
66
Calculate the highest common factor of 7510 and 1323419710.
7510
Calculate the greatest common factor of 3041465 and 105.
35
Calculate the highest common factor of 220262049 and 126.
63
What is the highest common divisor of 115 and 129282333?
23
What is the greatest common factor of 5371150 and 3400?
850
Calculate the greatest common factor of 53528997 and 963.
321
Calculate the greatest common divisor of 5885 and 